culate the greatest common divisor of 6468 and 196.
196
What is the greatest common factor of 3429 and 27?
27
Calculate the greatest common factor of 1683 and 1584.
99
What is the highest common factor of 22 and 11341?
11
What is the highest common divisor of 189 and 729?
27
Calculate the greatest common divisor of 92 and 391.
23
What is the highest common divisor of 10 and 1910?
10
What is the highest common factor of 8595 and 90?
45
What is the highest common factor of 6336 and 99?
99
Calculate the greatest common factor of 29 and 493.
29
Calculate the greatest common factor of 4 and 464.
4
Calculate the greatest common factor of 34415 and 5.
5
What is the highest common factor of 24 and 38472?
24
What is the highest common divisor of 11 and 6259?
11
What is the highest common factor of 3 and 570?
3
Calculate the highest common factor of 1428 and 595.
119
What is the greatest common factor of 2835 and 105?
105
What is the greatest common factor of 570 and 285?
285
What is the highest common factor of 1375 and 11?
11
Calculate the greatest common factor of 594 and 132.
66
What is the greatest common factor of 286 and 176?
22
What is the highest common factor of 13 and 351?
13
Calculate the highest common factor of 5 and 520.
5
What is the highest common divisor of 14356 and 148?
148
What is the greatest common divisor of 54 and 99?
9
Calculate the greatest common factor of 216 and 162.
54
What is the greatest common divisor of 7683 and 39?
39
What is the greatest common factor of 384 and 60?
12
What is the greatest common factor of 55 and 957?
11
Calculate the highest common factor of 30 and 165.
15
What is the highest common divisor of 337 and 3?
1
Calculate the greatest common divisor of 1000 and 8.
8
What is the greatest common divisor of 77 and 517?
11
What is the highest common factor of 3 and 45?
3
Calculate the highest common factor of 588 and 49.
49
What is the greatest common divisor of 16 and 632?
8
Calculate the greatest common factor of 1375 and 33.
11
Calculate the greatest common divisor of 1534 and 26.
26
Calculate the greatest common factor of 28 and 203.
7
What is the greatest common factor of 172 and 8?
4
Calculate the greatest common factor of 20 and 960.
20
Calculate the highest common factor of 31 and 62.
31
Calculate the highest common factor of 17 and 17.
17
Calculate the greatest common factor of 323 and 17.
17
What is the greatest common divisor of 6135 and 15?
15
Calculate the greatest common divisor of 3576 and 42.
6
Calculate the highest common factor of 314 and 85094.
314
Calculate the greatest common divisor of 302 and 51642.
302
What is the highest common divisor of 10 and 65?
5
What is the greatest common factor of 3198 and 41?
41
What is the highest common factor of 546 and 39?
39
What is the highest common factor of 28 and 42?
14
Calculate the greatest common divisor of 40 and 9710.
10
What is the highest common divisor of 65 and 923?
13
What is the greatest common factor of 138 and 69?
69
Calculate the greatest common divisor of 2064 and 48.
48
Calculate the greatest common factor of 976 and 793.
61
Calculate the greatest common factor of 1 and 1591.
1
What is the greatest common factor of 256 and 48?
16
Calculate the highest common divisor of 1694 and 14.
14
Calculate the greatest common factor of 896 and 392.
56
Calculate the highest common factor of 84 and 516.
12
Calculate the greatest common factor of 386 and 69866.
386
Calculate the greatest common divisor of 2 and 349.
1
What is the highest common factor of 110 and 5016?
22
Calculate the greatest common factor of 2303 and 49.
49
What is the greatest common factor of 102 and 6?
6
What is the highest common factor of 20672 and 3808?
544
Calculate the highest common factor of 240 and 660.
60
What is the greatest common factor of 70 and 40?
10
Calculate the highest common factor of 4 and 7292.
4
Calculate the highest common divisor of 13 and 221.
13
What is the highest common factor of 42614 and 143?
143
Calculate the greatest common factor of 783 and 27.
27
Calculate the highest common divisor of 10944 and 38.
38
Calculate the greatest common factor of 120 and 30.
30
What is the greatest common factor of 5626 and 194?
194
Calculate the greatest common factor of 1800 and 80.
40
What is the highest common divisor of 529 and 23?
23
Calculate the greatest common divisor of 11 and 2453.
11
What is the highest common divisor of 3 and 897?
3
What is the highest common factor of 42 and 777?
21
What is the highest common factor of 400 and 160?
80
What is the highest common divisor of 26 and 3497?
13
What is the highest common divisor of 58 and 2523?
29
Calculate the highest common factor of 130 and 6565.
65
Calculate the highest common divisor of 41 and 5.
1
What is the highest common divisor of 32 and 2096?
16
Calculate the greatest common divisor of 343 and 14.
7
What is the highest common divisor of 76 and 931?
19
What is the greatest common divisor of 16 and 848?
16
Calculate the highest common divisor of 7875 and 63.
63
What is the greatest common divisor of 344 and 473?
43
What is the greatest common divisor of 27860 and 40?
20
Calculate the greatest common divisor of 16753 and 11.
11
What is the highest common factor of 434 and 2914?
62
What is the highest common factor of 1909 and 299?
23
What is the greatest common factor of 605 and 10?
5
What is the greatest common divisor of 16 and 974?
2
What is the highest common divisor of 29 and 928?
29
What is the highest common divisor of 10 and 8410?
10
Calculate the greatest common factor of 14 and 2597.
7
Calculate the greatest common divisor of 36 and 1971.
9
What is the greatest common divisor of 98 and 266?
14
What is the greatest common divisor of 148 and 8?
4
What is the greatest common factor of 20 and 180?
20
Calculate the highest common factor of 608 and 3232.
32
What is the greatest common divisor of 40 and 170?
10
Calculate the greatest common factor of 108 and 1404.
108
Calculate the greatest common factor of 240 and 60.
60
Calculate the highest common factor of 4 and 6.
2
Calculate the greatest common factor of 416 and 676.
52
What is the greatest common divisor of 68 and 2006?
34
What is the highest common factor of 728 and 650?
26
Calculate the greatest common factor of 44 and 5698.
22
Calculate the highest common divisor of 155 and 465.
155
Calculate the greatest common divisor of 30 and 5370.
30
Calculate the highest common divisor of 35 and 70.
35
Calculate the highest common factor of 170 and 34.
34
What is the greatest common factor of 160 and 89920?
160
What is the highest common divisor of 2769 and 39?
39
Calculate the greatest common divisor of 224 and 168.
56
What is the greatest common divisor of 22 and 88?
22
Calculate the highest common factor of 7224 and 8.
8
What is the greatest common factor of 30950 and 25?
25
What is the highest common divisor of 3038 and 98?
98
What is the highest common divisor of 1748 and 276?
92
What is the greatest common divisor of 19 and 6707?
19
What is the highest common factor of 323 and 51?
17
What is the greatest common factor of 735 and 18620?
245
Calculate the greatest common divisor of 75 and 24.
3
Calculate the greatest common divisor of 2034 and 180.
18
Calculate the greatest common factor of 15 and 10.
5
Calculate the greatest common divisor of 13858 and 26.
26
Calculate the greatest common divisor of 484 and 66.
22
What is the greatest common factor of 96 and 1376?
32
Calculate the greatest common factor of 81 and 2511.
81
Calculate the greatest common divisor of 46 and 2.
2
Calculate the highest common factor of 526 and 2.
2
Calculate the highest common divisor of 37 and 407.
37
Calculate the greatest common divisor of 256 and 1296.
16
What is the highest common factor of 1545 and 2163?
309
Calculate the greatest common divisor of 1936 and 352.
176
What is the greatest common factor of 1802 and 318?
106
What is the highest common factor of 22 and 418?
22
Calculate the greatest common divisor of 585 and 65.
65
What is the highest common divisor of 522 and 90?
18
Calculate the greatest common factor of 5481 and 108.
27
What is the greatest common factor of 10 and 90?
10
Calculate the highest common divisor of 2 and 16.
2
Calculate the highe